?
True
Does 894 divide 1107354235?
False
Is 14303146 a multiple of 13?
True
Is 40 a factor of 13688054?
False
Is 424376727 a multiple of 67?
True
Is 65 a factor of 921379765?
False
Is 11 a factor of 794453?
True
Does 18 divide 1811682150?
False
Does 410 divide 1451471340?
True
Is 115 a factor of 47952355?
True
Is 65761637 a multiple of 51?
False
Is 65348657 a multiple of 39?
False
Does 90 divide 934511?
False
Is 171 a factor of 11577389?
False
Does 18 divide 1094820?
False
Is 722 a factor of 203405223?
False
Does 92 divide 39514211?
False
Does 18 divide 134210490?
False
Is 816 a factor of 47631552?
True
Is 18548631 a multiple of 546?
False
Is 7862020 a multiple of 5?
True
Is 15 a factor of 73647795?
True
Is 39194354 a multiple of 31?
True
Is 20793904 a multiple of 168?
False
Does 1109 divide 733025251?
False
Is 62553591 a multiple of 58?
False
Is 506572199 a multiple of 3941?
True
Does 2600 divide 94302110?
False
Is 206 a factor of 176736052?
True
Does 102 divide 292254786?
True
Does 719 divide 5823181?
True
Is 15 a factor of 3198725880?
True
Is 1619333843 a multiple of 9321?
False
Is 38179142 a multiple of 16?
False
Does 1319 divide 9555610?
False
Is 1352281519 a multiple of 23?
False
Does 231 divide 105104307?
True
Does 726 divide 507371001?
False
Does 2263 divide 200200821?
True
Is 5 a factor of 16373190?
True
Is 35316414 a multiple of 19?
False
Does 332 divide 12969580?
True
Is 572 a factor of 45824636?
True
Is 27 a factor of 28423548?
True
Does 33 divide 500994681?
True
Is 448729920 a multiple of 40?
True
Is 30 a factor of 542688329?
False
Is 795 a factor of 16385745?
True
Is 245722433 a multiple of 5651?
True
Is 25862488 a multiple of 23?
True
Is 453 a factor of 1275471?
False
Is 33052719 a multiple of 21?
True
Does 1701 divide 689636430?
True
Does 7588 divide 1370430740?
True
Is 53222000 a multiple of 650?
True
Is 9 a factor of 303200955?
True
Is 4964723 a multiple of 36?
False
Does 159 divide 19284474?
True
Does 1017 divide 731766347?
False
Is 5 a factor of 3733615?
True
Does 155 divide 8623680?
False
Is 45 a factor of 4557726?
False
Does 112 divide 241660531?
False
Is 2046 a factor of 86457822?
True
Does 6 divide 6588990?
True
Is 72909936 a multiple of 16?
True
Is 127371678 a multiple of 3147?
True
Is 84868934 a multiple of 779?
True
Is 165 a factor of 17134755?
True
Does 1208 divide 40641649?
False
Is 50 a factor of 3960000?
True
Does 21 divide 157476039?
True
Is 8 a factor of 1653218?
False
Does 3 divide 6224689?
False
Does 133 divide 633628492?
True
Is 231884451 a multiple of 243?
True
Is 162 a factor of 10029570?
False
Is 1241771 a multiple of 27?
False
Does 20 divide 111505741?
False
Is 2480448256 a multiple of 24?
False
Does 10 divide 952608680?
True
Does 8 divide 6707262?
False
Is 12586282 a multiple of 114?
False
Is 9 a factor of 88173?
True
Is 137184625 a multiple of 125?
True
Does 479 divide 24296796?
True
Does 2982 divide 350990583?
False
Is 35 a factor of 35606830?
True
Is 215703142 a multiple of 5559?
False
Is 14 a factor of 56010961?
False
Is 5338 a factor of 561445502?
True
Is 192 a factor of 30869376?
True
Is 111 a factor of 248137281?
True
Is 352 a factor of 13466112?
True
Does 2 divide 2552204?
True
Does 66 divide 149161518?
True
Is 11432164 a multiple of 23?
False
Does 2 divide 8296449?
False
Does 2068 divide 53432081?
False
Is 67138094 a multiple of 15?
False
Is 12 a factor of 650953956?
True
Is 868 a factor of 172255633?
False
Does 2 divide 2753703?
False
Does 4979 divide 607592349?
True
Does 338 divide 52745629?
False
Does 60 divide 3286226220?
True
Is 397 a factor of 189228462?
True
Is 382868018 a multiple of 162?
False
Is 3010309568 a multiple of 14?
True
Does 36 divide 289929082?
False
Is 616496805 a multiple of 2623?
True
Is 6375 a factor of 191536875?
True
Is 46085013 a multiple of 171?
True
Is 15 a factor of 20883662?
False
Is 51167143 a multiple of 25?
False
Does 68 divide 61133632?
True
Is 11260464 a multiple of 272?
False
Is 1514725602 a multiple of 442?
True
Does 165 divide 37138860?
True
Is 821620856 a multiple of 31?
False
Does 1248 divide 949373341?
False
Does 528 divide 456731911?
False
Is 140920488 a multiple of 9?
True
Does 6 divide 373875320?
False
Does 822 divide 54338310?
True
Is 1088702139 a multiple of 6217?
False
Is 80 a factor of 94592640?
True
Is 6638 a factor of 1192631822?
False
Is 212 a factor of 70568912?
False
Is 378123282 a multiple of 51?
True
Is 1642160 a multiple of 2?
True
Does 14 divide 193713366?
True
Does 862 divide 393995817?
False
Is 97 a factor of 62721461?
True
Is 3108 a factor of 2380780836?
True
Is 269 a factor of 49536863?
False
Is 8 a factor of 1392433491?
False
Is 148079014 a multiple of 46?
True
Is 16 a factor of 22176448?
True
Does 1886 divide 10738833?
False
Does 629 divide 6996881?
False
Is 7 a factor of 175569598?
False
Is 196019896 a multiple of 48?
False
Is 5914019926 a multiple of 541?
False
Is 50 a factor of 28560450?
True
Is 62188560 a multiple of 2430?
True
Is 6986 a factor of 1777559756?
True
Does 2657 divide 57168012?
True
Does 2 divide 18177057?
False
Is 6212178 a multiple of 42?
True
Is 1190216442 a multiple of 147?
False
Is 320 a factor of 374477120?
True
Does 2821 divide 563207008?
True
Is 252929060 a multiple of 17?
True
Is 12 a factor of 32130379?
False
Does 60 divide 36755664?
False
Is 269707755 a multiple of 201?
False
Is 153 a factor of 10146501?
True
Does 17 divide 149375902?
False
Is 36618676 a multiple of 4?
True
Is 92595155 a multiple of 39?
False
Does 3412 divide 466423812?
True
Is 4 a factor of 388058?
False
Is 1251 a factor of 52486034?
False
Is 684796680 a multiple of 81?
True
Is 1577418867 a multiple of 4779?
True
Does 16 divide 75845146?
False
Is 108 a factor of 1146312?
True
Does 44 divide 21954130?
False
Is 3 a factor of 105740214?
True
Is 8402 a factor of 4422046346?
False
Is 179776280 a multiple of 526?
True
Is 176 a factor of 16151344?
True
Does 417 divide 394455468?
False
Is 6 a factor of 178365738?
True
Does 83 divide 39032908?
True
Is 888357688 a multiple of 687?
False
Is 345562751 a multiple of 17?
False
Is 110 a factor of 5249073390?
True
Is 2010696010 a multiple of 890?
True
Does 1421 divide 62656153?
True
Is 64 a factor of 306479355?
False
Is 14465993 a multiple of 65?
False
Is 114474519 a multiple of 449?
False
Is 250303338 a multiple of 2008?
False
Does 5 divide 512051307?
False
Does 645 divide 44977089?
False
Is 85833813 a multiple of 21?
False
Is 113 a factor of 206343873?
False
Is 140 a factor of 5133434320?
True
Does 13 divide 439243545?
True
Is 52404451 a multiple of 209?
True
Does 851 divide 12077379?
False
Does 87 divide 42804954?
False
Does 21 divide 321022912?
False
Does 95 divide 116784070?
True
Is 10 a factor of 54052573?
False
Is 4176042 a multiple of 13?
True
Is 970145401 a multiple of 2825?
False
Is 53 a factor of 469581720?
False
Does 91 divide 207267170?
False
Does 1686 divide 124941030?
True
Does 228 divide 14558028?
True
Is 28 a factor of 8118431?
False
Does 1858 divide 47379000?
True
Is 3065526548 a multiple of 12?
False
Is 15 a factor of 80054188?
False
Is 2966539968 a multiple of 14?
True
Is 507 a factor of 344518929?
False
Does 462 divide 26823720?
True
Is 69408 a multiple of 36?
True
Does 194 divide 6017070?
False
Does 872 divide 347080501?
False
Is 230827634 a multiple of 257?
True
Is 14877500 a multiple of 1250?
True
Is 24 a factor of 212068344?
True
Is 235284342 a multiple of 97?
False
Does 224 divide 21578495?
False
Does 2266 divide 133700078?
False
Does 179 divide 340218677?
True
Is 31778251 a multiple of 3337?
True
Does 436 divide 57452271?
False
Is 1378022031 a multiple of 314?
False
Is 2 a factor of 9934458?
True
Does 2706 divide 1024031580?
True
Is 4478100711 a multiple of 15279?
False
Is 406 a factor of 8439116?
True
Does 6557 divide 3201796214?
True
Is 610125088 a multiple of 51?
False
Is 13683355 a multiple of 564?
False
Does 137 divide 14128868?
False
Does 12 divide 67946928?
True
Is 227083456 a multiple of 29?
True
Does 9 divide 2098872?
True
Does 33 divide 1653034?
False
Does 48 divide 679453792?
False
Is 287 a factor of 7092918?
True
Is 12 a factor of 508790616?
True
Is 27970852 a multiple of 322?
True
Is 225769828 a multiple of 1244?
True
Is 38375486 a multiple of 7?
False
Does 